, -36 = -2*c + g. Suppose c = -0*k + 4*k. Calculate the greatest common factor of k and 40.
5
Let o(l) = 3*l**2 - 3*l - 2. Let u be o(3). Let h = -66 + 242. What is the highest common divisor of u and h?
16
Let i be (-3 + 4)/(2/(-30)). Let c be (i/(-5))/(0 - -1). Suppose -3*r + 11 = v - c*v, 5*v + 19 = -r. What is the highest common factor of r and 3?
1
Let p = 0 - -5. Suppose 3*i = -2*r + 295, -2*i - 38 = 4*r - 232. Suppose -p*n + 309 - i = 0. Calculate the greatest common factor of 14 and n.
14
Suppose -k - 176 = -3*k. What is the highest common divisor of k and 11?
11
Suppose -5*y = -25, -2*l - 5*y + 49 + 86 = 0. Suppose 55 = -4*r + 9*r. Calculate the highest common divisor of r and l.
11
Suppose -60 = -u + 10. Suppose 5*n = 4*g + 31, -2*g + 30 = 2*n + 2*n. Calculate the greatest common divisor of u and n.
7
Suppose -5*g + 9 = -61. What is the greatest common divisor of 14 and g?
14
Let c(o) = o**2 - 4*o - 7. Let n be c(10). Suppose 5*r - 17 = n. Calculate the greatest common factor of r and 7.
7
Let p = -6 + 13. Suppose 6 = 5*h - 9, 3*u + 5*h - 249 = 0. Let y = u - 1. What is the greatest common factor of y and p?
7
Let d = 331 - 133. What is the highest common factor of d and 22?
22
Suppose 4*k - 15 = 29. Suppose 2*v + 4*z - 42 = -0*z, 0 = -3*v + 5*z + 8. What is the greatest common divisor of k and v?
11
Let i = -9 - -22. Suppose -5*k - 4 = -4*k. Let u be 1/(-2) + (-54)/k. What is the greatest common factor of u and i?
13
Let a = 9 - 5. Let b be ((-70)/(-20))/(2/a). What is the greatest common divisor of 7 and b?
7
Let y = -7 + 8. Let r be (-1)/((-1)/13*y). Calculate the highest common factor of 91 and r.
13
Let r(j) = j**2 - 2*j - 7. Let o be r(4). Let d be (-1 - (-1 - 10))*o. What is the highest common factor of 110 and d?
10
Let k(g) = g**2 + 5*g + 3. Let j be k(-6). Let r(v) = 6*v - 12. Let p be r(8). Calculate the highest common factor of j and p.
9
Suppose 3*t + 20 = -163. Let p = t + 106. Calculate the highest common divisor of 15 and p.
15
Let v(j) = 5*j - 4. Let c be v(11). Calculate the greatest common divisor of 3 and c.
3
Suppose -9*v = -6*v - 5*q - 258, -2*v = 2*q - 188. Let y = -17 - -30. Calculate the greatest common factor of y and v.
13
Suppose 74 = 12*v - 1114. Let u be (-2)/4*(-18 + 0). Calculate the greatest common divisor of u and v.
9
Let i be (9/2)/(9/(-60)). Let s = i - -44. What is the highest common divisor of 28 and s?
14
Let s = 14 + -10. Let k be 2/7 + 68/7. What is the greatest common divisor of k and s?
2
Let u(s) = s**3 + 3*s**2 - 2*s**3 + 4 + 4*s - 4*s**2. Let c be u(-4). Calculate the highest common divisor of c and 4.
4
Suppose 4*r + 3*d - 423 = 0, d + 425 = 4*r + 6*d. Calculate the highest common factor of r and 21.
21
Suppose -24*a = -23*a - 1. Suppose 5*l = 3*m, -l - m = -3*l. Let o(r) = -r**2 + r + 1. Let t be o(l). What is the greatest common factor of a and t?
1
Let q(d) = d**3 + 6*d**2 + 4*d - 6. Let a = 9 - 14. Let h be q(a). Let c = h + 7. Calculate the highest common factor of c and 15.
3
Suppose -13 - 12 = -5*y. Suppose b + 193 = 3*x, y*x + 5*b - 307 = 3*b. Calculate the highest common factor of x and 21.
21
Suppose 16 = 2*s - 2. Let i be (-6)/s*3 + 10. Let x = 36 - i. What is the highest common divisor of 7 and x?
7
Suppose -3*w + 60 = -6*w. Let q = w + 48. Let f be 5/(-1*(-1)/14). What is the highest common factor of f and q?
14
Suppose 2*q + q = 0. Suppose -v + 16 = 3*x, q*v = -4*x + 2*v + 8. Suppose -5*z + 4*y = -10, -z - 5*y - 2 = -4. What is the highest common factor of z and x?
2
Let p = 136 - 125. Calculate the greatest common divisor of p and 44.
11
Let m be (12/9)/((-4)/6). Let w be 3 + m*3 + -3. Let t(a) = 2*a**2 + a - 1. Let l be t(w). What is the greatest common factor of 13 and l?
13
Let y(k) = k**2 - 8*k + 1. Let o be y(7). Let u(p) = 2 + 0*p - 2*p + 0*p. Let a be u(o). Calculate the greatest common divisor of 7 and a.
7
Suppose -4*x + 3 = -x. Let m be (145 - -1)/2 - x. What is the greatest common divisor of 8 and m?
8
Suppose -4*b + 192 = -108. Calculate the highest common divisor of 15 and b.
15
Suppose x = 7 + 5. Let b = 23 + 85. Calculate the greatest common factor of b and x.
12
Let g = 8 + 72. Calculate the highest common divisor of 32 and g.
16
Let z(d) = 2*d**3 + 11*d**2 + 3*d + 2. Let q be z(-5). Suppose 3*n + 2*n + 5 = 0. Let y be 1 + n - (-4)/1. What is the highest common factor of y and q?
4
Let s(w) = 25*w - 2 - 32*w + 71*w. Let a be s(2). Calculate the highest common factor of a and 14.
14
Suppose 13 = 4*w - 11. Let o be (-2)/3 + 51/9. Suppose 2*g - o = -3*g. Calculate the greatest common divisor of w and g.
1
Let s(l) = l**2 - 5*l + 5. Let j be s(4). What is the greatest common divisor of 5 and j?
1
Let z = 24 - 4. Let p be -50*-2*1/(-2)*-1. Calculate the highest common factor of z and p.
10
Suppose -2*a - 3*l + 21 = 4, -3*a + l = -9. Suppose -c = -4*c + 3, -4*j + a*c = 324. Let k = j - -122. Calculate the highest common factor of k and 28.
14
Let a = 16 - 11. Suppose 10*x - 5*x = 3*b + 1204, -a*b + 736 = 3*x. Calculate the greatest common factor of 22 and x.
22
Suppose 5 = r, -4*k - 2*r + 25 - 7 = 0. Let v be (-2)/(-6) + 4/((-60)/(-55)). What is the highest common divisor of v and k?
2
Let z = -45 - -67. Let a = z - 6. What is the greatest common divisor of 4 and a?
4
Let v = 44 - 33. Calculate the highest common divisor of v and 55.
11
Let c be -22*((-10)/(-4) - 3). Calculate the highest common divisor of c and 11.
11
Suppose 3*f + 2*m - 54 = 0, 0 = -4*f - 2*m + 49 + 25. What is the greatest common factor of f and 50?
10
Suppose -5*s + 270 = y + 105, s = 4*y - 597. Let b be 182/3 - 4/6. What is the greatest common factor of b and y?
30
Suppose s - 70 - 17 = -2*v, v - s = 39. What is the greatest common factor of v and 6?
6
Let a be -1*6*(-60)/9. Let w = -11 + 16. Suppose 0 = w*g - 5*f - a, 6 = -3*f + 3. Calculate the highest common divisor of g and 35.
7
Let t be (-398)/(-14) + (-60)/(-105). Calculate the greatest common factor of 319 and t.
29
Suppose -b + 4*b = 0. Suppose b = -u + 12 - 2. Let a be 1/2 - (-3)/2. What is the highest common factor of u and a?
2
Let j(k) = k**3 - 7*k**2 + 2*k - 4. Let a be j(7). Calculate the greatest common divisor of a and 90.
10
Suppose 0*j + j - 11 = -o, 2*j + 6 = 5*o. Calculate the highest common divisor of j and 63.
7
Let x = 377 - 585. Let r be (x/(-10))/(1/5). Calculate the greatest common divisor of r and 13.
13
Let y = 73 - -59. Suppose -3*v + y = 5*n, 3*v - n = 4*v - 44. Calculate the highest common factor of v and 110.
22
Suppose 0 = 2*d - 8 - 24. What is the highest common divisor of d and 8?
8
Let m(t) = t**3 + 15*t**2 - t - 11. Let d be (-7 - 8)*(-1 - -2). Let k be m(d). Calculate the greatest common factor of 32 and k.
4
Let y(x) = -x**3 - 15*x**2 - 19*x + 26. Let h be y(-14). Calculate the greatest common divisor of 12 and h.
12
Let w be 15*(-5 + 4)/(-1). Suppose -3*h + 2*f = -50, 3*h + f - 35 = 12. Suppose -3*n - t = -19, -t - h = -5*t. What is the highest common divisor of w and n?
5
Let f(p) be the first derivative of p**4/4 - 5*p**3/3 - 2*p**2 - 7*p - 2. Let t be f(6). Suppose -t*l = 9 - 79. Calculate the highest common factor of l and 56.
14
Let m = -92 + 129. Let w = -20 + m. Calculate the greatest common divisor of w and 136.
17
Suppose 0 = 3*u - 0*u - 18. Suppose 0 = u*n - n - 125. What is the greatest common divisor of 10 and n?
5
Let t = 61 - -71. Let l = -9 + 21. What is the highest common factor of l and t?
12
Let d(p) = 9*p. Let w be d(3). Suppose 4*x + 10 = m, -4*m = m + 3*x - w. Suppose 0 = -4*n + 102 - 6. What is the greatest common divisor of n and m?
6
Let v(y) = -y - 1. Let t be v(3). Let a = 4 + t. Suppose a = 2*j - 5*j + 264. What is the greatest common factor of 11 and j?
11
Let d(b) = -b + 9. Let v be d(5). Suppose -v*a + 7 = -5. Suppose 0 = -g + a + 97. Calculate the highest common divisor of g and 10.
10
Let v(a) = -a**3 - 7*a**2 + 1. Let c be v(-7). Let m be (4 - 3)/(c - 0). Calculate the highest common factor of 11 and m.
1
Let l = -21 + 22. What is the highest common factor of 11 and l?
1
Let p(r) = 107*r**2 - r. Let b be p(-1). Suppose -v - 28 + 10 = 4*l, 5*l + 14 = 3*v. Let h be 12*v*1/(-2). What is the greatest common divisor of h and b?
12
Suppose p - 295 = -3*w, w - 3*p - 315